d 8826.
1471
Calculate the greatest common divisor of 17618 and 207.
23
What is the highest common factor of 558 and 28706?
62
Calculate the greatest common divisor of 3188374 and 742.
742
Calculate the highest common divisor of 31360 and 42.
14
Calculate the greatest common divisor of 376 and 515261.
47
What is the highest common divisor of 10 and 431490?
10
Calculate the highest common factor of 42 and 870996.
42
What is the greatest common factor of 992 and 1277200?
496
What is the greatest common factor of 368940 and 12540?
660
What is the greatest common factor of 71565 and 1950?
195
What is the greatest common divisor of 1887 and 14097?
111
Calculate the greatest common divisor of 24 and 145272.
24
Calculate the greatest common divisor of 30056 and 156.
52
What is the greatest common factor of 459392 and 384?
128
Calculate the greatest common divisor of 225 and 14825.
25
What is the highest common factor of 1324785 and 341?
341
What is the greatest common factor of 12 and 2526?
6
What is the greatest common factor of 242006 and 92?
46
What is the highest common divisor of 47310 and 380?
190
What is the highest common divisor of 50296 and 64?
8
What is the highest common divisor of 240252 and 36?
12
Calculate the greatest common factor of 7350 and 131250.
1050
Calculate the highest common divisor of 33549 and 2226.
159
Calculate the highest common divisor of 837 and 85622.
31
Calculate the greatest common divisor of 21 and 9186.
3
What is the highest common divisor of 4419316 and 3102?
1034
Calculate the greatest common divisor of 30664 and 32.
8
Calculate the highest common divisor of 165643 and 71.
71
Calculate the highest common divisor of 25850 and 55.
55
What is the highest common divisor of 1366 and 14?
2
Calculate the greatest common divisor of 15252 and 7068.
372
Calculate the highest common factor of 16 and 32768.
16
Calculate the greatest common factor of 3216 and 888.
24
Calculate the highest common divisor of 48 and 88284.
12
Calculate the highest common factor of 30 and 39975.
15
What is the greatest common factor of 3977 and 26978?
41
Calculate the greatest common factor of 594 and 2222.
22
What is the highest common factor of 702 and 76986?
234
Calculate the greatest common factor of 62124 and 7068.
372
Calculate the greatest common factor of 172 and 4497026.
86
Calculate the highest common divisor of 13005 and 311865.
255
What is the greatest common factor of 405770 and 10?
10
What is the greatest common factor of 773174 and 2?
2
Calculate the greatest common factor of 7945 and 31099.
227
Calculate the greatest common divisor of 69 and 106559.
23
What is the highest common factor of 427806 and 144?
18
What is the greatest common divisor of 632 and 37841?
79
What is the greatest common factor of 13 and 198757?
13
What is the greatest common factor of 61 and 20924525?
61
What is the highest common divisor of 4053 and 357?
21
Calculate the highest common factor of 45 and 8928.
9
What is the highest common factor of 68373 and 22149?
963
Calculate the greatest common factor of 432 and 92208.
48
Calculate the highest common factor of 1813 and 114737.
259
What is the greatest common divisor of 36212 and 2469?
823
Calculate the greatest common divisor of 1483938 and 3.
3
What is the greatest common divisor of 272338 and 22?
22
What is the greatest common factor of 23152 and 1665497?
1447
What is the highest common divisor of 4899 and 1821?
3
Calculate the highest common divisor of 12667 and 956.
239
What is the greatest common factor of 1368 and 456?
456
What is the greatest common divisor of 69904 and 544?
272
Calculate the greatest common divisor of 19 and 2427041.
19
What is the highest common divisor of 682740 and 20?
20
Calculate the greatest common divisor of 129820 and 20.
20
Calculate the highest common divisor of 143201 and 445.
89
Calculate the greatest common factor of 414115 and 2875.
115
What is the greatest common factor of 5060 and 7889?
23
What is the greatest common factor of 1000 and 8?
8
What is the greatest common factor of 33363 and 132?
33
What is the greatest common divisor of 3879191 and 295?
59
Calculate the highest common divisor of 138719 and 1639.
149
Calculate the highest common factor of 22 and 7909198.
22
What is the highest common divisor of 1664 and 9152?
832
Calculate the greatest common divisor of 6042 and 53742.
318
Calculate the greatest common factor of 287546 and 92.
46
What is the greatest common divisor of 544 and 6360?
8
What is the highest common divisor of 330 and 12606?
66
What is the greatest common divisor of 2754 and 26894?
34
What is the highest common divisor of 2254 and 230?
46
What is the greatest common divisor of 15 and 33555?
15
Calculate the highest common factor of 669415 and 115.
115
Calculate the highest common factor of 104 and 7319.
13
Calculate the highest common factor of 9 and 352251.
9
Calculate the greatest common divisor of 84 and 331944.
12
Calculate the highest common divisor of 387149 and 98.
49
What is the highest common divisor of 16100 and 23092?
92
Calculate the highest common divisor of 834 and 45314.
278
What is the highest common factor of 31 and 5053651?
31
Calculate the highest common factor of 1410 and 37788.
282
What is the highest common factor of 125596 and 68?
68
Calculate the highest common divisor of 276 and 125074.
46
What is the greatest common divisor of 5708907 and 18?
9
What is the highest common factor of 5256 and 59688?
72
Calculate the greatest common factor of 16016 and 858.
286
What is the greatest common divisor of 18612 and 32?
4
Calculate the highest common factor of 6 and 452968.
2
What is the highest common factor of 562 and 2620?
2
What is the greatest common factor of 478514 and 201?
67
Calculate the greatest common divisor of 5427 and 5561.
67
Calculate the highest common factor of 5340 and 40.
20
Calculate the highest common factor of 202559 and 266.
133
Calculate the highest common divisor of 15 and 751515.
15
What is the greatest common factor of 7 and 1173543?
7
What is the highest common factor of 14612 and 4?
4
What is the highest common factor of 48 and 712?
8
Calculate the highest common factor of 2016 and 23544.
72
Calculate the highest common divisor of 1284 and 1044.
12
Calculate the greatest common divisor of 258 and 9755238.
258
Calculate the greatest common divisor of 84 and 5982.
6
What is the highest common factor of 51168 and 26?
26
What is the highest common divisor of 6844 and 580?
116
Calculate the greatest common factor of 26391 and 19.
19
Calculate the greatest common factor of 251 and 2207545.
251
Calculate the highest common factor of 621 and 7383.
69
Calculate the highest common factor of 10 and 241210.
10
Calculate the greatest common divisor of 117216 and 1665.
333
Calculate the greatest common divisor of 652 and 1448.
4
Calculate the greatest common factor of 22 and 7403.
11
What is the highest common factor of 9200 and 10000?
400
Calculate the highest common factor of 115224 and 3.
3
What is the greatest common factor of 4660 and 571316?
932
What is the greatest common divisor of 397 and 99647?
397
Calculate the highest common divisor of 10 and 1304740.
10
What is the greatest common divisor of 20210 and 80?
10
Calculate the greatest common divisor of 224 and 26012.
28
Calculate the highest common factor of 6946443 and 21.
21
Calculate the highest common divisor of 5832 and 204.
12
Calculate the greatest common factor of 11 and 83479.
11
Calculate the greatest common factor of 2528 and 2344.
8
What is the highest common factor of 102 and 630?
6
Calculate the greatest common divisor of 35700 and 1925.
175
What is the greatest common factor of 15 and 178635?
15
Calculate the greatest common divisor of 265 and 23250.
5
Calculate the highest common factor of 2626 and 8080.
202
What is the greatest common divisor of 10 and 246690?
10
What is the highest common divisor of 11 and 119141?
11
Calculate the highest common divisor of 705 and 375.
15
What is the greatest common divisor of 76051 and 59?
59
What is the greatest common divisor of 20175 and 225?
75
Calculate the highest common factor of 727996 and 246.
82
Calculate the highest common divisor of 5136 and 624.
48
Calculate the greatest common div